 x(b) = b**2 + b + 10. Let g be x(0). Calculate the highest common divisor of g and d.
10
Let b(l) = 116*l**2 - 11*l + 20. Let w be b(2). Calculate the highest common divisor of 42 and w.
42
Suppose 1955 = 40*i - 285. What is the greatest common factor of 192 and i?
8
Let t(s) = -5*s - 8. Let i be t(-4). Let r = 106 - 22. What is the greatest common factor of i and r?
12
Let u(m) = 5*m**2 + 3*m + 2. Let z be u(6). Let d be z/14 + 6/(-21). Calculate the highest common divisor of d and 21.
7
Suppose f - 3*z - 1 = 18, -3*f = -z - 17. Suppose -2*b = -f*b. Suppose b = 5*j + 4*v - 132, j + v - 22 = 5. Calculate the highest common divisor of 192 and j.
24
Let l = -8 - -9. Let r be -1 + l - (-9 + -29). Let f be r/10 - 8/10. What is the highest common divisor of 27 and f?
3
Let c(x) = -x**3 + x**2 + 6*x - 4. Let y be c(-3). Let d be 3/(3/2) - y/(-7). What is the highest common divisor of d and 28?
4
Let y(j) = 2*j + 60. Let w be y(-25). Suppose 2*t + 328 = w*t. Calculate the greatest common divisor of t and 328.
41
Suppose -79*u - 5*p = -77*u - 405, -4*p + 198 = u. Calculate the greatest common factor of 120 and u.
30
Suppose 2*y = 3*l - 43, y - 3*y = -2. Let w = -8 + l. Let a be ((-12)/(-20) - (-147)/5) + 64 + -66. What is the highest common factor of w and a?
7
Let g(r) = 36*r - 66. Let x be g(17). What is the highest common factor of x and 156?
78
Let n(l) = 13*l + 134. Let t(i) = 7*i + 67. Let p(c) = 3*n(c) - 5*t(c). Let f be p(-9). Calculate the highest common factor of 186 and f.
31
Suppose 4*d - 56 = -4*a + 12, -d = 3. What is the highest common factor of a and 1280?
20
Suppose -3*m - 3*q - 534 = -8*m, 2*m - 3*q = 219. What is the highest common divisor of m and 30?
15
Suppose 11 = 2*x - 3*x. Let t = -4 - x. Calculate the greatest common factor of t and 49.
7
Let d be ((-1342)/183)/(20/(-18) - -1). Calculate the greatest common factor of 88 and d.
22
Let c(d) = -d**3 + 9*d**2 - 4*d. Let g be c(5). Let l = g - 55. Let o = 128 + 97. Calculate the greatest common factor of o and l.
25
Let i = 21 - -31. Calculate the highest common factor of i and 26.
26
Let l = 1516 - 1512. What is the highest common factor of l and 400?
4
Let d be (-20)/((-8)/(-2))*-1. Suppose d*k - 3*o = -5, -o = 4*k - 3*k - 7. What is the highest common divisor of k and 10?
2
Let f(g) = -27*g + 94. Let j be f(2). Let l be (6 - 1)*(-1)/(-1). What is the greatest common divisor of j and l?
5
Let d = -3 - -2. Let r be (d - -3)/((-2)/(-151)). Let u = -67 + r. Calculate the highest common factor of 12 and u.
12
Suppose -55 = -15*m + 65. Let c be 1 - (-2 - -263)/(-3). What is the greatest common divisor of m and c?
8
Suppose -d + 16 = 15. Suppose 15 - d = 2*r. Let a be r + 0 + -2 + 4. What is the highest common factor of 1 and a?
1
Let v be (-392)/(-16) - (-2)/(-4). Let h = v + -19. Suppose -2*a + 2*x + 102 = 4*x, -3*a - 4*x = -149. Calculate the greatest common divisor of a and h.
5
Let p = 2 - -22. Let a = -46 + 118. Suppose a = f + f. What is the greatest common divisor of p and f?
12
Let j be ((-198)/(-15) - 4)*5. What is the highest common factor of j and 207?
23
Let d be 5/((-175)/(-635)) - (-16)/(-112). What is the greatest common divisor of 873 and d?
9
Let z(j) = -27 + 15*j - 4*j + 6. Let q(b) = -b**2 + 9*b - 2. Let x be q(8). Let r be z(x). What is the highest common divisor of 9 and r?
9
Let p = -392 + 437. Calculate the highest common divisor of p and 9.
9
Let w = 20 + -15. Suppose 3*d - 14 = w*q, -5*q = 2*d - 0*q - 26. Suppose 15*v - d = 14*v. What is the highest common factor of 1 and v?
1
Let m(x) = -x**2 + 13*x - 24. Let g be m(4). Calculate the highest common factor of 90 and g.
6
Let u = -90 - -98. Suppose u = 5*c - 4*c. Calculate the greatest common factor of 8 and c.
8
Suppose -4*y = -3*w + 1022, -w = -5*y - 281 - 67. What is the greatest common divisor of 13 and w?
13
Let g(c) = 13*c + 8. Let j be g(7). Let m(n) = 3*n**2 - n + 9. Let x be m(0). What is the greatest common factor of j and x?
9
Let q = -853 - -473. Let i = -270 - q. What is the highest common divisor of 10 and i?
10
Suppose -3*d + 125 = 5*o - 0*d, -2*o + 49 = d. Let n = 55 + o. Calculate the greatest common divisor of n and 11.
11
Let u = -697 - -859. Calculate the greatest common divisor of 18 and u.
18
Suppose -3*r = -3, -g = 4*g + 4*r - 409. Let h = 17917 - 17914. What is the highest common factor of g and h?
3
Let j = 8 - 6. Suppose -8 = -4*r, -o + 3*r - 1 - j = 0. Suppose -5*z + o*z = -5*y - 5, 0 = -5*z + 4*y + 55. What is the highest common factor of z and 3?
3
Suppose 4*b + 8 = 8*b. Suppose -6*c + 2*c = -3*g - 278, b*c - 152 = -5*g. Let r = -41 + c. What is the highest common factor of r and 90?
30
Suppose 0 = 655*o - 660*o + 680. What is the highest common divisor of 34 and o?
34
Suppose -5*x = x - 300. Suppose 0 = -3*i + 8*i - x. Calculate the highest common factor of i and 90.
10
Suppose -24*o - 90 = -33*o. Suppose 40 = 5*i - 10. What is the greatest common divisor of i and o?
10
Suppose -3*r + 0*r + 11 = 5*g, -r + 4*g + 15 = 0. Let n be r/(-4)*(-15 + 7). Calculate the greatest common factor of n and 56.
14
Let l(i) = -i**2 + 12*i + 7. Let r be (-2)/9 + (-238)/(-18). Let w be l(r). Let o be (44/33)/((-2)/w). What is the highest common divisor of 6 and o?
2
Let c(p) = 2*p**2 + p - 3. Let z be c(-3). Calculate the greatest common divisor of 9 and z.
3
Suppose 9*n - 55 = 8*n. What is the highest common divisor of 77 and n?
11
Let t = -116 + 152. Let i = 18 - -6. What is the greatest common divisor of t and i?
12
Suppose -o + 31 = p, -3*o - o + 12 = 0. Let x = 52 - p. Let i(u) = -u + 23. Let h be i(11). Calculate the greatest common divisor of x and h.
12
Suppose -10*o + 9 = -41. Suppose -5*d + 5*p = -70, -o*p = 3*d - d - 56. What is the greatest common factor of 99 and d?
9
Suppose 5*r - 715 = 5*b, -2*r - 3*b = -7*b - 292. What is the greatest common divisor of 35 and r?
35
Let i(m) = -m**2 - 7*m + 5. Let t be i(0). Calculate the highest common divisor of t and 3.
1
Let i(m) = 11*m + 13*m - 7 - 18*m. Let k be (2/(-6))/((-1)/12). Let q be i(k). What is the greatest common factor of 68 and q?
17
Let l = 28 + -20. Let w = 67 + -65. Suppose 4*z + 12 = 4*b - w*b, 0 = 4*z - 4. What is the highest common factor of l and b?
8
Let r = -1081 - -1092. What is the highest common factor of r and 671?
11
Let x = -42 - -44. Suppose 0 = -2*m + x*i + 154, -2*m = 4*i - 2*i - 170. Calculate the highest common factor of m and 54.
27
Suppose -35 = -3*b + 5*p, b - 26 + 17 = -p. Calculate the greatest common divisor of b and 130.
10
Let p(i) = 219*i**2 + i. Let a be p(1). Let x be (3 + (-10 - -5))/((-1)/10). What is the highest common factor of x and a?
20
Let v(j) = j**3 + 8*j**2 - 8*j + 10. Let b be v(-9). Let c = 1 + b. Suppose 2*p - 7*p - c = 2*k, -5*k + 22 = -p. What is the highest common divisor of k and 12?
4
Let k = -128 - -188. Calculate the highest common divisor of k and 255.
15
Let s(b) = -b**3 + 11*b**2 + 15. Let w be s(11). Let f be (-7 - (-100)/w)*-3*9. Calculate the highest common factor of 63 and f.
9
Let d be 55*((-39)/(-90) + (-2)/(-12)). What is the highest common factor of 22 and d?
11
Suppose 4*b = 14 + 14. Let i(x) be the second derivative of 5*x**4/6 + 5*x**3/6 + x**2 - 3*x. Let g be i(-3). What is the greatest common factor of b and g?
7
Let w be 1488/30 + (-12)/(-30). Calculate the greatest common divisor of 325 and w.
25
Let v be ((-4)/6)/(2/(-240)). Suppose 0 = 8*l + 8*l - 320. Calculate the greatest common divisor of v and l.
20
Let t(o) = -o + 24. Let v be t(12). Calculate the highest common factor of v and 114.
6
Suppose t - 3*m = 15 + 19, 0 = t - 5*m - 38. Let s = -110 - -180. What is the greatest common divisor of s and t?
14
Suppose 0 = -6*j - 469 + 505. Let g(f) = -8*f**3 + 2*f**2 + 3*f. Let p be g(-2). Calculate the highest common factor of j and p.
6
Let z(f) = 2 + 0*f + f**2 + 15*f + f**2 + 0*f**2. Let s be z(-6). Let g = 22 + s. Calculate the greatest common factor of 66 and g.
6
Let d(p) = p**2 + 3*p + 21. Let k be d(0). Let f be (k/2)/((-30)/(-1120)). Calculate the highest common factor of f and 49.
49
Let u = 723 + -242. What is the highest common factor of 26 and u?
13
Let j(n) = -2*n + 10. Let v be j(4). Suppose -2*k + g + 24 = 0, -12 = v*g + g. What is the greatest 